highest common factor of y and 14?
14
Let m(l) = l**2 + l. Let t be m(-1). Suppose 6*x - 9*x + 57 = t. What is the highest common factor of 95 and x?
19
Let b(a) = a**2 - 3*a - 7. Let n be b(5). Let g(v) = 2*v + 2. Let i be g(n). What is the highest common divisor of 20 and i?
4
Let y be (-9)/(-1) - (-1 - -2). Let m be 16/y - 11/(-1). Calculate the highest common factor of m and 65.
13
Suppose v - 3 + 0 = 0. What is the highest common divisor of v and 6?
3
Suppose s + 2*s + 29 = 4*h, -h + 16 = s. Suppose 3*w = 7*w - 264. What is the highest common divisor of w and h?
11
Let v = 176 - 158. Suppose 4*m - 76 = -4. Calculate the highest common factor of v and m.
18
Let v be (-4)/(-6) - 7/(-3). Suppose -v*b = -6*b. Suppose 4*g + 0*g - j - 52 = 0, b = j - 4. Calculate the greatest common factor of 7 and g.
7
Suppose 5*q = 5*a - 40, 4*a = -2*q - 0*q - 46. Let n = 20 + q. What is the greatest common divisor of 14 and n?
7
Suppose -22 = -r - 9. Let s = -1 + 14. What is the greatest common divisor of s and r?
13
Let q(v) = 2*v + 6. Let g be q(7). What is the highest common factor of 50 and g?
10
Let t(h) = h + 11. Let j be t(5). Calculate the greatest common factor of 48 and j.
16
Let v = 2 + 0. Suppose -v*g = -0*g - 36. What is the greatest common factor of 162 and g?
18
Let v = 171 + -105. Suppose -34 = -5*z + 2*y, -4*z + 2 + 26 = -2*y. What is the greatest common divisor of z and v?
6
Let w = 27 - 13. Let j be 0/((-2)/((-2)/(-1))). Suppose -l + 1 + 1 = j. What is the greatest common factor of w and l?
2
Let j(t) = 24*t**2 - t - 1. Let v be j(1). What is the highest common factor of 154 and v?
22
Let l(x) = -x**2 - x + 1. Let t be l(1). Let n be (4/2)/(-2) + 5. Let d = n + t. What is the greatest common divisor of 3 and d?
3
Suppose 2*m - 65 = -5*q, 3*m + 4 - 164 = 5*q. Calculate the highest common divisor of 18 and m.
9
Let y = 14 - -5. What is the greatest common factor of 152 and y?
19
Let n(r) = 4*r**3 - 3*r**2 + 3*r + 1. Let o be n(2). Calculate the highest common factor of o and 135.
27
Suppose 0*j - 4*b = 2*j - 4, 36 = 4*j + b. Let z = j + 2. Let y = -10 - -118. Calculate the greatest common divisor of y and z.
12
Let l = -7 - -11. Suppose 0 = 3*r - 2*f - 68, -l*f - 196 = -5*r - 80. What is the greatest common factor of r and 50?
10
Let i = 61 - 33. Let a = i + -14. Suppose -l + 9 + 33 = 0. What is the highest common factor of l and a?
14
Suppose 309 = 3*f + 4*q + 123, -2*q + 192 = 3*f. What is the highest common factor of f and 44?
22
Suppose -3*p - 2*q = -3*q - 110, -5*p = -2*q - 184. Let g be (p/(-10))/((-9)/60). Calculate the greatest common divisor of 48 and g.
24
Suppose 50 = 6*y - 46. Calculate the greatest common divisor of y and 32.
16
Let o(c) = -8*c**3 - c**2 + 2. Let i be o(-2). Let w = 92 - i. Calculate the greatest common factor of 12 and w.
6
Suppose -17*i + 19*i = 220. Calculate the greatest common divisor of 44 and i.
22
Let g(u) = u**3 - 11*u**2 - 4*u - 16. Let a be g(12). Calculate the greatest common divisor of a and 16.
16
Suppose 5*p - 21 + 6 = 0. Let c(u) = -6*u + 62. Let l be c(10). What is the greatest common factor of l and p?
1
Let c be (2 + (1 - -5))*8. Suppose -i + 4*l + 94 = 0, 0*i + i + 4*l = 102. Let u be i/6 - 5/15. What is the highest common factor of c and u?
16
Suppose 8 = -0*n + 4*n. Suppose -x + 3 = 0, -n*h + 2*x = -h - 19. Suppose -h = -y - 10. What is the highest common divisor of y and 45?
15
Let m = 11 + -8. Suppose 2*y = m*y + 3*w + 27, 5*w - 15 = 0. Let q be (y/(-8))/(1/2). Calculate the greatest common divisor of 99 and q.
9
Let y(d) = d**2 - 9*d + 6. Let q be y(8). Let x be (0 + 12)*(-2)/q. Suppose -4*s + x = -s. Calculate the highest common factor of 6 and s.
2
Suppose 4*y - 3*r = 224, 2*y - 4*y + 3*r = -112. Calculate the greatest common factor of 7 and y.
7
Suppose -4*d + 12 + 11 = 3*v, -d = -5*v. Suppose -2*s + 80 = 3*t, 0*t - 5*t = -s + 40. Calculate the greatest common factor of d and s.
5
Suppose -32 = -0*h - h. Suppose 2*i = 5*f + 13 + h, 45 = 4*i - f. Let n = -112 - -222. Calculate the highest common factor of n and i.
10
Let k = 2 + 0. Suppose -3*p - k*p = -115. Suppose 4*s - q = -s + 139, 0 = -s + 5*q + p. Calculate the greatest common factor of s and 70.
14
Suppose 3*d = 3*s - s - 2, d = -3*s - 19. Let k = 10 + d. Calculate the highest common divisor of 9 and k.
3
Suppose -2*a = -4*u + 2*u - 12, 4*a - 2*u - 34 = 0. Let s = a - -25. Let i(g) = -g**3 + 2*g + 2. Let t be i(-2). What is the greatest common factor of s and t?
6
Let y(b) = 2*b**3 + 17*b**2 - 12*b - 10. Let n be y(-9). What is the greatest common divisor of n and 136?
17
Let u(k) = k**3 + 10*k**2 + 10*k + 9. Let p be u(-9). Suppose p = -3*x + 2*x + 12. Calculate the greatest common divisor of 30 and x.
6
Let a = 23 + -16. Let w(k) = 2*k - 11. Let o be w(9). Calculate the greatest common divisor of a and o.
7
Let g be 6/45*6*(-155)/(-2). What is the highest common divisor of g and 93?
31
Let y(h) = -h - 5. Let a be y(-7). Let o(b) = 10*b. Let k be o(a). What is the highest common divisor of 8 and k?
4
Let q = -23 + 17. Let u be -2 + 1 + 121 + q. Calculate the greatest common factor of 19 and u.
19
Suppose -3*r + 14 = -5*x, -5*x - 1 - 4 = 0. Suppose -s - 4 = -r*s. Suppose -3*d + s = -1, -80 = -5*b - 5*d. Calculate the greatest common factor of 15 and b.
15
Let g be (-4)/(-5) + 378/15. Suppose g = 4*t - 2. Calculate the highest common factor of 28 and t.
7
Let j be 2/6 + 585/27. Calculate the greatest common factor of j and 99.
11
Suppose 2*s = 399 - 385. Let n(v) = -v**3 + 7*v**2 + 4*v - 4. Let p be n(6). Calculate the highest common divisor of p and s.
7
Let a = 73 + -3. Let k be (-144)/(-10) - 2/5. What is the greatest common divisor of a and k?
14
Let b(c) = 2*c - 10. Let g be b(7). Suppose -97 = g*p + 111. Let u = 73 + p. What is the greatest common factor of u and 189?
21
Suppose 5*o - 5*r = 765, -o + r = -6*o + 735. Let h = o - 57. Let s = 136 - h. What is the highest common factor of s and 5?
5
Suppose 0 = -5*j - 3*n + 168, 14 = -5*n - 6. What is the highest common factor of 54 and j?
18
Suppose -4*b = -9*b + 10. What is the highest common factor of b and 14?
2
Let q(t) = -t**3 - 9*t**2 - t - 1. Let r be q(-9). Calculate the greatest common divisor of r and 104.
8
Suppose 21*a + 285 = 24*a. What is the highest common factor of 57 and a?
19
Let s = -7 - -5. Let a = 0 + s. Let j be (-55)/a*12/15. Calculate the greatest common factor of 2 and j.
2
Let u = 15 + -13. Calculate the highest common divisor of 8 and u.
2
Let k be (-1 - 1)*(-3 + 1). Let x = 60 - k. What is the greatest common factor of x and 140?
28
Let f be (-2)/(-3)*16863/22. Let l be (-2)/12 - f/(-42). Calculate the highest common factor of l and 3.
3
Let c be 33 + ((-24)/30)/((-6)/(-15)). What is the greatest common divisor of c and 124?
31
Let t(m) = -m + 23. Let d be t(10). Calculate the highest common divisor of 143 and d.
13
Let k = 5 - -25. Calculate the greatest common divisor of k and 120.
30
Let p = 61 + -50. Suppose -n = -4*n + 3. What is the highest common factor of p and n?
1
Let n be 76/6 - 2/(-6). Suppose -o + 4*j + 40 + 64 = 0, 5*j = -4*o + 416. Calculate the highest common divisor of o and n.
13
Let k = -4 - -1. Let a be (120/(-9))/5*k. Calculate the highest common divisor of a and 72.
8
Let o(h) = 39*h**3 + h**2. Let d be (-2)/(-2 - -4 - 4). Let g be o(d). Suppose g = b + 4*b. What is the greatest common divisor of b and 32?
8
Let p = -4 + 11. Suppose -3*b = -5*m - 34, 0 = -b - 0*m - m - 2. Suppose 5*f + 3*n - 45 = -2*n, -37 = -b*f - n. What is the highest common divisor of f and p?
7
Let q(z) = -3*z + 2. Let a be q(-2). Let r = a + -4. Let n be (126/r)/(9/12). What is the greatest common factor of 28 and n?
14
Let n(r) = -2*r**3 + 1. Let j be n(1). Let b be (j - 1)/((-1)/77). Calculate the greatest common divisor of 14 and b.
14
Let k(n) = 4*n**2 + 3*n. Suppose -r - 9 = 4*c + 3, -4*c - 4*r - 24 = 0. Let j be k(c). What is the greatest common factor of j and 10?
10
Let d be (-6)/21 - 116/(-14). Let j be 0/((-1)/(-1) + -2). Suppose j = -5*g - 1 + 6. What is the highest common factor of d and g?
1
Let f(a) = a**2 - 3*a - 3. Let k be f(4). Calculate the greatest common divisor of k and 4.
1
Suppose -3*u + 5 = -4. Suppose 3*s = -b - 0 - 10, 0 = 